e highest common factor of r and l?
2
Let x(s) = 3*s**2 - 31*s - 30. Let z be x(-1). What is the highest common factor of z and 64?
4
Suppose 5*g - 139 = 3*b, -b = -4*g + 43 + 64. Calculate the greatest common factor of g and 91.
13
Suppose 20 = 21*n - 16*n. Suppose n*a = 309 + 51. What is the greatest common divisor of a and 30?
30
Suppose 5*i - 12*i + 63 = 0. What is the greatest common factor of 45 and i?
9
Let y be 58 - 3 - 10/(-10). Calculate the greatest common factor of y and 35.
7
Let r(v) = 2*v**3 + 14*v**2 + 17*v + 3. Let x be r(-5). Calculate the highest common divisor of x and 48.
6
Suppose -43 = -k - 4*p, -30 = -4*k + p + 142. What is the greatest common factor of 86 and k?
43
Let w be (-10)/(-75) + 6472/60. Let c = w + -100. What is the highest common factor of 32 and c?
8
Let f(r) = 65*r + 716. Let z be f(-11). Let t(i) = -i**3 + 3*i + 1. Let x be t(-2). Suppose -x*o + 16 = o. What is the greatest common factor of o and z?
1
Let n(c) = -c + 5. Let x be n(4). Let g = x - -2. Let m be (-84)/6*(-12)/56. Calculate the highest common divisor of m and g.
3
Let b(q) = q**2 + q + 4. Let d be b(-3). Let k be (2/((-8)/(-15)))/((-71505)/(-4760) + -15). What is the highest common divisor of d and k?
10
Suppose 7*m = 457 + 1083. What is the highest common divisor of m and 100?
20
Let i be 8/(-20) + (-23418)/(-45). Calculate the highest common factor of 10 and i.
10
Suppose 2*a = -4*k + 46, -3*k + 19*a - 20*a = -32. What is the greatest common divisor of 333 and k?
9
Suppose -57 = -2*g - p, 3*p + 67 = 5*g - 48. What is the greatest common factor of g and 91?
13
Suppose 2*k - d - 575 = 0, d + 687 = 4*k - 464. Suppose -4 = -c - 5*i, 0 = 5*c + 14*i - 18*i - 49. What is the highest common divisor of c and k?
9
Suppose -o - 4*d = -116, 0*o + 2*o - 3*d - 177 = 0. Let c(i) = i**3 + 11*i**2 - 7*i - 13. Let l be c(-11). Calculate the highest common divisor of l and o.
32
Suppose 2*j + 206 + 315 = w, 3*w - 3 = 0. Let m = -115 - j. What is the highest common divisor of 29 and m?
29
Suppose 964*z = 974*z - 2620. Calculate the greatest common factor of z and 917.
131
Let z(v) = 3*v**2 - 3*v + 39. Let j be z(7). Calculate the highest common divisor of j and 15.
15
Let a(k) = -9*k - 3. Let c be a(-2). Let n = 31 + -26. Suppose 250 = n*m + 5*v, -3*v - 33 = -4*m + 132. What is the greatest common divisor of c and m?
15
Let k = -839 + 1056. What is the greatest common factor of 248 and k?
31
Let o(u) = u**3 - 9*u**2 + 12*u - 10. Let t = 29 + -21. Let y be o(t). Suppose -3*c + c = -22. What is the highest common factor of y and c?
11
Suppose 30*f - 298 = 422. What is the greatest common factor of 552 and f?
24
Let h = -27 + 32. Suppose 2 = -2*s, 0*c - h*c = -s - 21. Suppose -w + 300 = c*w. What is the highest common factor of 6 and w?
6
Let i(n) = n**3 + 30*n**2 + 77*n - 4. Let x be i(-27). Calculate the highest common divisor of x and 39.
13
Let v be 6/((-1863)/(-465) - 4). Let w be 6/(-9) + v/18. Calculate the highest common factor of 34 and w.
17
Let d be 36/(-10) + -4 + 6/(-15). Let x be 6/3*-1 + 28 + d. What is the greatest common factor of x and 198?
18
Let p be (3 - 10/(-8)) + 2/(-8). Suppose 226 = 5*z + 2*j, 3*z + p*j = 77 + 67. What is the highest common divisor of 4 and z?
4
Let a = -171 - -423. Calculate the greatest common divisor of a and 63.
63
Let d(c) = -c - 1. Let v be d(-4). Suppose -2*m = 4*x - 86, 0 = -v*m - 4*x + x + 132. What is the highest common factor of 10 and m?
5
Let p(j) = j**3 - j**2 + j. Let m be p(4). Let i(a) = 23*a + 59. Let g be i(-2). Calculate the greatest common divisor of m and g.
13
Let s = 2235 - 192. Let z be (-2)/(-6) + s/27. Suppose -3*m = 5*x - 47, -m - 3*m + 5*x = -86. What is the greatest common factor of m and z?
19
Let q(l) = 89*l + 139. Let g be q(-1). What is the highest common divisor of 580 and g?
10
Suppose 29*i + 3132 = 88392. What is the highest common factor of i and 49?
49
Let j(u) = 5*u + 6. Let w be j(-8). Let x = -21 - w. Let d(m) = 14*m**3 - 2*m + 1. Let p be d(1). What is the greatest common factor of p and x?
13
Let v(q) = -q + 8. Suppose -12*l + 9*l + 18 = 0. Let u be v(l). Suppose -456 = -m - u*m. Calculate the highest common factor of 19 and m.
19
Let w be ((-90)/60)/(6/(-16)). Calculate the highest common divisor of w and 68.
4
Suppose 5 = 8*l - 11. Suppose -20 = -m + l*i - 4*i, 5*m = 5*i + 160. Calculate the greatest common divisor of 308 and m.
28
Suppose -t + 23 = -5*u, -2*t - 2*t + 3*u = -126. Let f be ((-22)/(-3))/(3228/(-216) + 15). Calculate the greatest common divisor of f and t.
33
Suppose 15 = -4*l + 3*u, 6*l + 3*u - 15 = 3*l. Suppose 9*w - 4*w - 675 = l. Calculate the greatest common factor of 15 and w.
15
Let i = -42 - -53. Suppose 172 = i*h + 7. Let r(f) = 17*f + 3. Let c be r(6). Calculate the greatest common factor of c and h.
15
Let j be 1/(-2)*(3 + -16 - -3). Let k be (15/7)/j + (-158)/(-7). What is the greatest common factor of 184 and k?
23
Suppose 109*b - 20709 - 5417 = -2582. Let y(l) = l**2 + 2*l. Let a be y(-6). Calculate the highest common factor of a and b.
24
Suppose -1000 = -3*k - 2*f, -k + 9*f - 5*f = -352. Calculate the greatest common divisor of 32 and k.
16
Let n = -271 + -49. Let y be 2/8 - 873/36. Let k be n/6*y/16. What is the greatest common divisor of k and 32?
16
Let c = -107 - -102. Let v be (-4*1)/(c/70). Let u(q) = -8*q - 1. Let i be u(-1). What is the highest common divisor of i and v?
7
Suppose 178 + 1230 = 22*u. What is the highest common factor of u and 10?
2
Let m(p) = p**3 + 2*p**2 - 2*p - 1. Let h be (-7)/4 - 8/32. Let g be m(h). Calculate the highest common factor of 3 and g.
3
Suppose -228 = 17*b - 1418. Calculate the highest common factor of b and 14.
14
Suppose 0 = f - 272 - 38. What is the greatest common divisor of f and 248?
62
Let c(m) = -m + 12. Let k be c(-9). Calculate the highest common factor of 3 and k.
3
Suppose 99*b - 42 = 92*b. Let x(k) = k + 8. Let d be x(4). Calculate the greatest common factor of b and d.
6
Let z be (2/(-2) - -3) + -4. Let p be z + 1 + 2 + -2. Let q(y) = -33*y**3. Let i be q(p). Calculate the greatest common divisor of 3 and i.
3
Let s = -466 + 536. What is the highest common factor of s and 735?
35
Suppose -45*g + 37*g = -120. Let t be 3/((-1)/(-90)*3). Suppose 2*m - 90 = -2*x, 2*m + 5*x = -0*m + t. Calculate the greatest common factor of g and m.
15
Suppose 0 = -30*d + 19*d + 616. Calculate the greatest common divisor of 728 and d.
56
Suppose -5*j = 0, -b + j = -2 - 3. Suppose -u - 5*a + 10 = 0, b*u + 3*a - 31 = 63. What is the highest common factor of u and 100?
20
Let z = -811 - -844. Let t(q) = 21*q**2 + q. Let h be t(1). What is the greatest common divisor of z and h?
11
Let x = -3 - -8. Suppose 0 = -4*u + n + 147, 159 = -u + x*u - 5*n. What is the greatest common factor of u and 54?
18
Suppose 4*k - 176 = 256. Suppose 7*a - 52 - 32 = 0. Calculate the greatest common divisor of a and k.
12
Let h(k) = -k**3 + 3*k**2 - k + 4. Let n be h(2). Suppose -w - 135 = -n*w. What is the highest common factor of w and 297?
27
Suppose 2*g = -2*m + 40, 5*m + 2*g - 48 - 55 = 0. Let h = 11 + -8. Let p = 10 - h. Calculate the highest common divisor of m and p.
7
Let y(n) = 8*n + 25. Let b be ((-10)/8)/((3/(-8))/3). Let k be y(b). What is the highest common factor of k and 35?
35
Let o be (-16)/(-24)*1296/8. Calculate the highest common factor of o and 60.
12
Let o(c) = 4*c + 37. Let a be o(7). What is the highest common factor of 78 and a?
13
Let q = 18 - 2. Let u be ((-12)/(-24))/(-1 + 6/4). Let a be 30/7 - (5/(-7) + u). Calculate the greatest common factor of a and q.
4
Let q be 2384/24 - (35/15)/7. Calculate the greatest common factor of q and 396.
99
Suppose -126 = 7*z - 42. Let p be (-366)/(-8) - (-9)/z. Calculate the highest common divisor of p and 15.
15
Let l be (1/(-5)*18)/(15/(-250)). Let u be ((-8)/10)/(6/(-150)). What is the highest common divisor of l and u?
20
Let h = -5 + 3. Let k be 4/h + 52 + 1. Let v be (-17)/k*(1 + -34). What is the highest common factor of v and 121?
11
Suppose 12*l - 2263 - 1013 = 0. What is the greatest common factor of l and 7?
7
Let x(c) = 13*c**3 - 2*c**2 - c + 2. Let l(f) = -3*f + 26. Let z be l(8). Let m be x(z). Calculate the greatest common factor of 16 and m.
16
Suppose -4